) + -6). Suppose 0*m - 3273 = -3*l + 4*m, -k*l = -m - 3264. Is l a prime number?
True
Suppose 732050 + 609061 = 32*h + 70487. Is h prime?
False
Let s be 5 + (-2)/4*0. Suppose 3*k = -4*n + 20, 4*k + 0*k + n - s = 0. Suppose 4*z - 728 + 132 = k. Is z a composite number?
False
Let n = 2423 - -5138. Is n a composite number?
False
Let a(r) = -r + 8. Let k be a(-5). Let u = -6 - k. Let q(w) = -63*w + 10. Is q(u) a composite number?
True
Suppose -7*u + 11*u - 920 = 0. Suppose -c + 2353 = u. Is c a prime number?
False
Is (-3 - (-121)/44)*-390956 a prime number?
False
Is (-1)/(2956976/(-295696) + 10) composite?
False
Let n(s) = s**3 - 5*s + 6. Let u be n(0). Let h(j) = 477*j**2 - 36*j + 255. Is h(u) composite?
True
Let a(i) = i**3 + 20*i**2 - 5*i + 49. Let r(t) = 32*t + 6. Let g be r(2). Let l = -90 + g. Is a(l) prime?
True
Let o be (-46 + 48)/((-1)/(-3)*2). Suppose 2847 = -o*u - 4359. Let p = u - -4393. Is p a composite number?
True
Is (11*-1)/((-128)/2602624) a prime number?
False
Let o(n) be the third derivative of -349*n**4/6 + 173*n**3/6 + 226*n**2. Is o(-15) prime?
False
Let q(p) = -52*p - 49 - 54 - 55*p - 7. Is q(-17) prime?
True
Let z = 980 - -5001. Is z prime?
True
Is 4683410/80 - -10 - (1 + 11/(-8)) composite?
True
Let f(z) = z**3 + 18*z**2 - 3*z - 54. Let p be f(-18). Is p - 1 - (-5420)/10 composite?
False
Suppose 0 = 4*s + 11420 + 11072. Let w = s - -11154. Is w composite?
False
Let x(l) = -l**3 - 21*l**2 - 40*l - 31. Suppose -18*f + 13*f - 105 = 0. Is x(f) a composite number?
False
Let b = 1095 + -257. Is b/((-63)/147 - (-34)/14) a prime number?
True
Let j(a) = -2*a**3 + 2*a**2 + 9*a + 9. Let i(b) = b**3 - 4*b - 4. Let d(k) = 5*i(k) + 3*j(k). Suppose 0 = 3*m + 10 - 31. Is d(m) composite?
False
Let c = 141 - 143. Is (c*(-463)/(-4))/((-2)/12) prime?
False
Is (-87751202)/(-98) - 11/77*-4 prime?
True
Suppose 2586067 = 35*w + 609951 - 1307199. Is w prime?
True
Suppose -8*y + 11*y - r - 11 = 0, 2*r = -10. Is 673275/50 + (-1)/y prime?
False
Let d be (-23)/(-5) + 16/40. Suppose 2*y = -2*o + 2508, 20 = d*y - y. Let s = -572 + o. Is s a prime number?
True
Suppose 0 = 2*j - 2*i + 2, -3*j - 4*i = 7 - 18. Is 787 + (8 + -4)*j a prime number?
False
Let a(j) = -234 + 15*j**2 + 234 - 25*j. Let k be a(8). Let p = k - 441. Is p a composite number?
True
Let d be (342/(-27))/((-2)/6). Let t = 42 - d. Suppose 230 = 6*o - t*o. Is o a composite number?
True
Let w = -2544269 - -5085456. Is w a prime number?
False
Let g(t) = 534*t**2 - 1. Let i(k) = -534*k**2 + k + 1. Let l(b) = 2*g(b) + 3*i(b). Let j be l(-1). Let f = -243 - j. Is f a composite number?
False
Let x(l) = 7*l**3 - l**2 - l + 1. Let h be x(2). Suppose -3*f + 2*v = -204, 5*f - v = 296 + h. Let r = 92 - f. Is r prime?
False
Suppose 0 = 23*v - 25*v - 5*i + 94, -2*i = 2*v - 106. Suppose v*a - 4911 = 54*a. Is a a composite number?
False
Suppose -194*a = 14945 - 406366 - 928361. Is a a composite number?
False
Is (-4473462)/(-22) + 54/66 + -1 composite?
False
Let o(m) = 132927*m**2 - 165*m - 161. Is o(-1) a prime number?
False
Let z be 5426 - (1 - (4 + -1)). Suppose -15*q - 72 = -39*q. Suppose 7*w - 2*w = -3*b + z, q*w - 15 = 0. Is b composite?
False
Suppose -5*u + 249 + 324 = -3*f, -2*f = -4*u + 458. Is (-4861)/(u/(-18) - -6) a prime number?
False
Let m = 5 + -1. Let y(r) = 45*r - 4. Let d be y(m). Is 1*d*4 + -3 composite?
False
Is -7 - (-176)/28 - (-835374)/21 a composite number?
False
Let q(c) = 3577*c**2 - 44*c - 72. Is q(-11) a composite number?
False
Suppose 3*m + i = 13297, 8863 = 2*m + i - 2*i. Let z = 10234 - m. Is (-2 - (-40)/15)*z/4 a prime number?
True
Suppose -4*q = 4*f - 64, 4*f - 12 = 3*f + 3*q. Suppose 915 + 1080 = f*y. Is y composite?
True
Suppose -43*q = 932 + 14. Let i(w) = -w**2 - 27*w + 93. Is i(q) composite?
True
Suppose 2*y + 0*y - 4 = 0. Let m(l) = 41*l + 494. Let s be m(-12). Suppose -2*r = 5*h - 280 - 279, s*h = y*r + 218. Is h a composite number?
True
Suppose 5*d - 12055 = 5*s, -3*s + 2429 = -4*s - 5*d. Let v be 1/((-776)/192 + 4). Is s/(-8) - (-18)/v a composite number?
True
Let b be ((-4)/10)/(1/(-5)) + 3. Let v be 12*b/((-30)/3). Is v/(-4) + (-35955)/(-34) a prime number?
False
Suppose 0*a = -6*a + 2*a. Suppose a = 6*u - 14*u + 16952. Is u prime?
False
Let c(p) = 70405*p - 2236. Is c(3) a composite number?
True
Let g = 251 + -246. Suppose -2*f - 10259 = -g*v, 8*v - 12*v + 3*f + 8203 = 0. Is v composite?
False
Let i = 486435 - 213004. Is i composite?
True
Let p(y) be the third derivative of 4*y**5/15 + 13*y**4/24 + 13*y**3/3 - 62*y**2. Is p(-7) prime?
True
Suppose 30839 = -3*o + 117182. Suppose -5*y = 3*r - o, 5765 = y + 4*r + r. Is y prime?
False
Is 872268/78 - 9/(-117) prime?
False
Suppose -40*f + 43*f = -y + 939689, 4*f + 4*y - 1252908 = 0. Is f a composite number?
True
Let l = -526 + 518. Is 3207*l/(-6 - 18) a composite number?
False
Let c be (-10099)/(8 + -4 + 5/(-1)). Suppose 172804 = 15*h + c. Is h composite?
False
Suppose 894*p = 846*p + 2272224. Is p composite?
True
Suppose -4*q + 151 = 3. Let o = q + -37. Let r(n) = -n**3 + 3*n**2 + 2*n + 591. Is r(o) composite?
True
Suppose 0 = 3*w - 131 - 10. Let j(i) = 51 - w + 20 + 55 - i. Is j(0) a prime number?
True
Suppose -c = -5*y - 131556, 55538 = -2*c + 5*y + 318655. Is c composite?
False
Suppose -1997099 = 328*q - 341*q. Is q composite?
False
Let f(v) = 651*v + 19. Let r be f(5). Let n(s) = -28*s**3 - 8*s**2 + 2*s + 1. Let z be n(4). Let t = z + r. Is t composite?
True
Let w = 1019330 + -598401. Is w prime?
True
Let s = -754 + 30101. Is s a composite number?
False
Suppose 51*k + 20039 = 52*k. Let b = 29272 - k. Is b a composite number?
True
Suppose 0 = -3*p + 569 + 3166. Suppose -31*r - p = -34*r. Is r prime?
False
Let p be (-40)/(-6)*((-30)/4)/5. Let w(c) = -237*c - 91. Is w(p) composite?
True
Is 6/(-11) - ((-12287067)/143 + -26) prime?
False
Suppose -319*t + 317*t = -3*m - 256966, 3*t - 5*m - 385451 = 0. Is t a prime number?
True
Let d be 6/(-4)*(6 + 9 + -13). Is -3199*(d + -3 - -5) a composite number?
True
Suppose -5*w - 3*r = 2*r - 1935, 3*w - 1201 = 5*r. Suppose 397*f - w*f - 18965 = 0. Is f a composite number?
False
Let c(p) = -40*p - 14. Let m be c(-1). Let k(g) = 2*g**2 + 40*g - 31. Is k(m) a prime number?
False
Let a = -16 + 14. Let p be ((-56)/(-21))/(a/(-33)). Suppose 412 = p*r - 40*r. Is r composite?
False
Let f = 11556 + 3989. Is f a composite number?
True
Suppose 4*d - 28 - 9 = -5*z, -5*d - 4*z + 35 = 0. Is (-2402)/(-6)*3*(5 - d) prime?
False
Let v = 147398 + -50352. Is v a composite number?
True
Is -5 + 18/21 + (7863411/21 - 3) a prime number?
True
Let o = 30 - 25. Let r(u) = u**2 - 20. Let m be r(o). Suppose -3*i + 2*i - 4001 = -3*q, 0 = 3*q + m*i - 3989. Is q composite?
True
Suppose 3*z = -37 + 115. Suppose 4194 = z*m - 24*m. Let s = m + -1220. Is s composite?
False
Is ((-885806)/(-9))/(-26 + (-6136)/(-234)) a prime number?
True
Let y be (5/4)/(-5) - 15284/(-16). Let w = 416 + y. Is w prime?
False
Let m(k) = -592*k**2 + 2 + 52*k + 593*k**2 - 18. Is m(31) a composite number?
False
Suppose l - 9 = -0*l. Suppose -l*z - z = -30. Suppose 89 = -2*r + z*r. Is r a prime number?
True
Suppose -89*m = -92*m - 5*z + 46, 81 = 5*m + 4*z. Is 51/m + 1663*8 a prime number?
False
Is -21866*(-207)/161 + (-4)/(-7) a prime number?
False
Suppose -100*d + 63115612 = -4669888. Is d a prime number?
False
Let f(t) = t**3 - t**2 + 16*t - 57. Let u(x) = -3*x**3 + 3*x**2 - 32*x + 112. Let h(n) = 5*f(n) + 2*u(n). Is h(-15) a prime number?
True
Is -1*(9/(0 + 9) - 107600) a composite number?
False
Let n = -5066 - -33098. Suppose 5*r - n = -7*r. Suppose -4*m + 5*m + 2*f = 579, 4*m - r = -3*f. Is m a prime number?
True
Suppose 5*n + 754 = 2*x + 6095, 0 = n + x - 1071. Is n composite?
False
Suppose 0 = 8*b + 10*b - 30240. Let o = b + -319. Is o a prime number?
True
Suppose -13*u + 7*u = -3558. Suppose 5*b - 4*j - 379 = u, 591 = 3*b - 5*j. Suppose 28 = -2*p + b. Is p a composite number?
True
Let j(n) = 4*n**2 + 4*n**3 - 2 + 4 + 2*n**2 - 3*n**3 - 2*n. Let y be j(-5). Is ((-22)/5)/(2/(-5))*y composite?
True
Is 36/(-45)*-1 + 28/(-10) + 35731 a prime number?
True
Suppose -2*f = -1223 + 351. Let w be (f/(-6))/(20/(-1530)). Let l = w + -946. Is l composite?
True
Let g(s) = 30*s**3 + 45*s**2 - 8*s + 22. Is g(18) a composite number?
True
Suppose 